of 76 and 304?
76
What is the highest common factor of 57 and 19?
19
Calculate the greatest common factor of 104 and 368.
8
What is the greatest common factor of 14443 and 143?
143
Calculate the greatest common divisor of 65 and 66430.
65
What is the highest common factor of 6 and 34?
2
What is the greatest common divisor of 4401 and 27?
27
What is the highest common divisor of 7 and 2?
1
Calculate the greatest common factor of 348 and 6873.
87
What is the greatest common factor of 168 and 21?
21
What is the highest common divisor of 26 and 2379?
13
What is the greatest common divisor of 4154 and 62?
62
Calculate the greatest common factor of 235 and 5.
5
What is the greatest common divisor of 209 and 68134?
209
Calculate the highest common factor of 40931 and 11.
11
What is the greatest common divisor of 2596 and 354?
118
Calculate the greatest common divisor of 65 and 52.
13
Calculate the greatest common divisor of 486 and 39.
3
What is the highest common factor of 8 and 706?
2
Calculate the highest common factor of 26 and 793.
13
Calculate the highest common divisor of 381 and 2413.
127
What is the greatest common divisor of 14 and 203?
7
What is the highest common divisor of 20 and 6140?
20
What is the highest common divisor of 478 and 10277?
239
Calculate the highest common divisor of 192 and 48.
48
What is the greatest common factor of 3844 and 248?
124
What is the highest common divisor of 27 and 14706?
9
What is the greatest common divisor of 3398 and 2?
2
Calculate the highest common divisor of 1238 and 16.
2
Calculate the highest common divisor of 264 and 726.
66
Calculate the highest common factor of 486 and 15.
3
What is the highest common divisor of 140 and 476?
28
Calculate the greatest common factor of 123 and 1271.
41
What is the greatest common factor of 42 and 4?
2
Calculate the highest common divisor of 539 and 44.
11
What is the highest common factor of 140 and 84?
28
Calculate the greatest common divisor of 1125 and 12000.
375
What is the highest common factor of 102 and 2176?
34
What is the highest common factor of 114 and 30?
6
Calculate the greatest common factor of 2430 and 30.
30
What is the greatest common factor of 1353 and 41?
41
Calculate the greatest common factor of 20 and 92.
4
Calculate the highest common factor of 3 and 1041.
3
Calculate the greatest common factor of 64 and 48.
16
Calculate the highest common factor of 4582 and 632.
158
What is the highest common factor of 48 and 912?
48
What is the greatest common factor of 112 and 9128?
56
Calculate the greatest common factor of 10 and 28230.
10
What is the highest common factor of 6482 and 126?
14
Calculate the greatest common divisor of 96 and 7692.
12
Calculate the highest common factor of 75661 and 29.
29
Calculate the highest common factor of 276 and 24.
12
What is the greatest common divisor of 7139 and 118?
59
Calculate the highest common factor of 3160 and 10.
10
What is the highest common divisor of 18783 and 9?
9
Calculate the highest common divisor of 45 and 18.
9
What is the greatest common divisor of 70497 and 189?
189
What is the greatest common factor of 1568 and 931?
49
What is the greatest common divisor of 82 and 13120?
82
Calculate the greatest common divisor of 385 and 27335.
385
What is the greatest common divisor of 310 and 62?
62
What is the greatest common factor of 1890 and 2310?
210
What is the highest common factor of 27 and 4?
1
What is the highest common factor of 2752 and 48?
16
What is the highest common factor of 14 and 133?
7
Calculate the highest common divisor of 28 and 4.
4
What is the greatest common factor of 11613 and 79?
79
Calculate the greatest common factor of 44 and 18062.
22
Calculate the greatest common factor of 32 and 64.
32
Calculate the greatest common factor of 6 and 678.
6
Calculate the greatest common divisor of 539 and 11.
11
What is the greatest common factor of 770 and 42?
14
What is the greatest common factor of 816 and 3?
3
Calculate the greatest common factor of 105 and 483.
21
What is the highest common divisor of 78 and 24?
6
Calculate the highest common factor of 7256 and 24.
8
Calculate the greatest common divisor of 249 and 3403.
83
Calculate the greatest common factor of 96 and 1164.
12
Calculate the highest common divisor of 98 and 147.
49
Calculate the greatest common factor of 54 and 297.
27
What is the greatest common divisor of 142 and 355?
71
What is the greatest common factor of 1120 and 175?
35
What is the highest common factor of 208 and 8528?
208
What is the greatest common factor of 4 and 6788?
4
Calculate the greatest common factor of 11228 and 420.
28
What is the greatest common divisor of 540 and 360?
180
What is the greatest common factor of 3654 and 30?
6
What is the greatest common divisor of 1118 and 26?
26
What is the highest common divisor of 19685 and 155?
155
What is the greatest common factor of 615 and 30?
15
What is the highest common factor of 19 and 26239?
19
Calculate the greatest common factor of 21 and 77.
7
Calculate the highest common divisor of 189 and 1218.
21
Calculate the highest common divisor of 210 and 2394.
42
What is the greatest common factor of 2040 and 102?
102
What is the greatest common divisor of 6539 and 52?
13
Calculate the greatest common divisor of 176 and 30096.
176
Calculate the greatest common divisor of 56 and 704.
8
What is the greatest common factor of 793 and 671?
61
What is the highest common factor of 468 and 324?
36
What is the greatest common divisor of 949 and 219?
73
What is the greatest common divisor of 1504 and 329?
47
What is the greatest common factor of 4976 and 64?
16
Calculate the highest common divisor of 6 and 822.
6
Calculate the highest common factor of 3570 and 420.
210
Calculate the greatest common divisor of 3 and 5.
1
Calculate the highest common factor of 876 and 228.
12
What is the greatest common factor of 57 and 95?
19
Calculate the highest common divisor of 184 and 23.
23
What is the highest common divisor of 70 and 205?
5
Calculate the greatest common divisor of 4045 and 5.
5
What is the greatest common divisor of 999 and 74?
37
Calculate the greatest common factor of 252 and 3204.
36
Calculate the greatest common factor of 27 and 15.
3
What is the greatest common factor of 54 and 42?
6
Calculate the greatest common divisor of 2128 and 57.
19
What is the highest common factor of 49 and 10143?
49
What is the highest common factor of 9 and 279?
9
What is the greatest common factor of 115656 and 79?
79
What is the highest common divisor of 230 and 30?
10
Calculate the greatest common divisor of 791 and 678.
113
What is the highest common divisor of 174 and 36888?
174
What is the highest common factor of 11532 and 12?
12
Calculate the highest common divisor of 3556 and 56.
28
What is the greatest common factor of 7889 and 23?
23
Calculate the highest common factor of 17 and 4573.
17
What is the greatest common divisor of 42 and 8498?
14
What is the highest common divisor of 52 and 988?
52
Calculate the greatest common divisor of 91 and 2093.
91
What is the greatest common factor of 64 and 14912?
64
Calculate the highest common factor of 72 and 486.
18
Calculate the greatest common divisor of 17271 and 101.
101
Calculate the greatest common divisor of 10493 and 7.
7
Calculate the greatest common factor of 91 and 221.
13
Calculate the greatest common factor of 546 and 2.
2
Calculate the highest common factor of 95 and 1501.
19
What is the greatest common factor of 690 and 20?
10
What is the greatest common divisor of 62 and 22258?
62
What is the highest common divisor of 1415 and 6226?
283
What is the highest common divisor of 262 and 2?
2
What is the highest common divisor of 16613 and 148?
37
What is the greatest common factor of 189 and 513?
27
What is the highest common divisor of 90 and 60?
30
Calculate the greatest common factor of 25 and 175.
25
Calculate the highest common divisor of 33 and 10263.
33
Calculate the greatest common divisor of 84 and 644.
28
What is the greatest common factor of 114 and 76?
38
Calculate the greatest common divisor of 433 and 13.
1
What is the greatest common divisor of 126 and 4725?
63
Calculate the greatest common factor of 79863 and 21.
21
Calculate the greatest common 